{"id":988970,"date":"2024-05-22T17:45:04","date_gmt":"2024-05-22T17:45:04","guid":{"rendered":"https:\/\/gminfo.eti.br\/alvespereira\/?page_id=988970"},"modified":"2024-05-28T18:10:41","modified_gmt":"2024-05-28T18:10:41","slug":"maria-eduarda-m-da-costa-barros-concesi","status":"publish","type":"page","link":"https:\/\/draadvogados.com\/en\/maria-eduarda-m-da-costa-barros-concesi\/","title":{"rendered":"Maria Eduarda M. da Costa Barros Concesi"},"content":{"rendered":"<div data-elementor-type=\"wp-page\" data-elementor-id=\"988970\" class=\"elementor elementor-988970\" data-elementor-post-type=\"page\">\n\t\t\t\t\t\t<section class=\"elementor-section elementor-top-section elementor-element elementor-element-4729560f elementor-reverse-mobile elementor-section-boxed elementor-section-height-default elementor-section-height-default\" data-id=\"4729560f\" data-element_type=\"section\">\n\t\t\t\t\t\t<div class=\"elementor-container elementor-column-gap-no\">\n\t\t\t\t\t<div class=\"elementor-column elementor-col-50 elementor-top-column elementor-element elementor-element-229d3919\" data-id=\"229d3919\" data-element_type=\"column\">\n\t\t\t<div class=\"elementor-widget-wrap elementor-element-populated\">\n\t\t\t\t\t\t<div class=\"elementor-element elementor-element-23441876 elementor-widget__width-initial elementor-widget elementor-widget-heading\" data-id=\"23441876\" data-element_type=\"widget\" data-widget_type=\"heading.default\">\n\t\t\t\t<div class=\"elementor-widget-container\">\n\t\t\t\t\t<h2 class=\"elementor-heading-title elementor-size-default\">Maria Eduarda M. da Costa Barros Concesi<\/h2>\t\t\t\t<\/div>\n\t\t\t\t<\/div>\n\t\t\t\t<div class=\"elementor-element elementor-element-92c395a e-grid-align-left elementor-widget__width-initial elementor-shape-rounded elementor-grid-0 elementor-widget elementor-widget-social-icons\" data-id=\"92c395a\" data-element_type=\"widget\" data-widget_type=\"social-icons.default\">\n\t\t\t\t<div class=\"elementor-widget-container\">\n\t\t\t\t\t\t\t<div class=\"elementor-social-icons-wrapper elementor-grid\">\n\t\t\t\t\t\t\t<span class=\"elementor-grid-item\">\n\t\t\t\t\t<a class=\"elementor-icon elementor-social-icon elementor-social-icon-linkedin elementor-repeater-item-4ccced5\" href=\"https:\/\/www.linkedin.com\/in\/maria-eduarda-da-costa-barros-concesi-47871914b\/%20\" target=\"_blank\">\n\t\t\t\t\t\t<span class=\"elementor-screen-only\">Linkedin<\/span>\n\t\t\t\t\t\t<i class=\"fab fa-linkedin\"><\/i>\t\t\t\t\t<\/a>\n\t\t\t\t<\/span>\n\t\t\t\t\t<\/div>\n\t\t\t\t\t\t<\/div>\n\t\t\t\t<\/div>\n\t\t\t\t<div class=\"elementor-element elementor-element-6124125c elementor-widget elementor-widget-text-editor\" data-id=\"6124125c\" data-element_type=\"widget\" data-widget_type=\"text-editor.default\">\n\t\t\t\t<div class=\"elementor-widget-container\">\n\t\t\t\t\t\t\t\t\t<p>Lawyer with over 10 years of experience in Criminal Law and Technology.<\/p><p>Master in Criminal Law from the State University of Rio de Janeiro (UERJ). Postgraduate degree in Criminal Sciences and Public Security from the same institution. Graduated in Law from Funda\u00e7\u00e3o Get\u00falio Vargas\/RJ (FGV-Rio).<\/p><p>Extension<em>Cross-Border Cooperation in Criminal Matters\u201d<\/em> - Stricto Sensu Graduate Program in Regulation Law, in partnership with the undergraduate course of the Law School of Rio de Janeiro of Funda\u00e7\u00e3o Getulio Vargas, taught by Prof. Dr. Auke Willems, LSE Fellow in EU Law from the European Institute.<em>.<\/em><\/p><p>Extension <em>\u201cCybersecurity and Human Rights<\/em>- Institute of Technology and Society of Rio de Janeiro, Hans Bredow Institute of the University of Hamburg, Berkman Klein Center of Internet and Society of Harvard University, Global Network of Internet and Society Research Centers, UNESCO Chair for Communication and Information Freedom at the University of Hamburg, and Center of Communication Governance of the National Law University.<\/p><p>Extension <em>\u201cCopyrightX\u201d &#8211; <\/em>\u00a0Harvard University, in partnership with the Institute of Technology and Society of Rio de Janeiro (ITS-Rio).<\/p><p>Professor of Postgraduate Courses in Law and Technology at the New Law Institute (2020) and in Economic Criminal Law at Ibmec\/RJ (2023).<\/p><p>Co-author of the books:\u00a0<\/p><ul><li>Sistem prisional e direitos humanos \u2013 Escola de Direito da FGV (2015).<\/li><li>Regula\u00e7\u00e3o 4.0, Volume II &#8211; Editora Revista dos Tribunais (2020).\u00a0<\/li><\/ul><ul><li>Colabora\u00e7\u00e3o Premiada e Outros Acordos: An\u00e1lise sistem\u00e1tica e estudo cr\u00edtico &#8211; Editora Singular (2022).\u00a0<\/li><\/ul><ul><li>Elei\u00e7\u00f5es e Democracia na Era Digital &#8211; Editora Almedina (2022).\u00a0<\/li><\/ul><p>Languages: Portuguese, English, and Spanish.<\/p>\t\t\t\t\t\t\t\t<\/div>\n\t\t\t\t<\/div>\n\t\t\t\t<section class=\"elementor-section elementor-inner-section elementor-element elementor-element-48d33803 elementor-section-boxed elementor-section-height-default elementor-section-height-default\" data-id=\"48d33803\" data-element_type=\"section\">\n\t\t\t\t\t\t<div class=\"elementor-container elementor-column-gap-no\">\n\t\t\t\t\t<div class=\"elementor-column elementor-col-100 elementor-inner-column elementor-element elementor-element-72f5dd65\" data-id=\"72f5dd65\" data-element_type=\"column\">\n\t\t\t<div class=\"elementor-widget-wrap elementor-element-populated\">\n\t\t\t\t\t\t<div class=\"vamtam-has-theme-widget-styles elementor-element elementor-element-4cf7b85f elementor-widget__width-auto vamtam-has-underline-anim elementor-widget elementor-widget-button\" data-id=\"4cf7b85f\" data-element_type=\"widget\" data-widget_type=\"button.default\">\n\t\t\t\t<div class=\"elementor-widget-container\">\n\t\t\t\t\t\t\t\t\t<div class=\"elementor-button-wrapper\">\n\t\t\t\t\t<a class=\"elementor-button elementor-button-link elementor-size-sm\" href=\"https:\/\/draadvogados.com\/en\/contato\/\">\n\t\t\t\t\t\t<span class=\"elementor-button-content-wrapper\">\n\t\t\t\t\t\t<span class=\"elementor-button-icon\">\n\t\t\t\t<i aria-hidden=\"true\" class=\"vamtamtheme- vamtam-theme-icon-arrow-right-top\"><\/i>\t\t\t<\/span>\n\t\t\t\t\t\t\t\t\t<span class=\"elementor-button-text\">Contact us<\/span>\n\t\t\t\t\t<\/span>\n\t\t\t\t\t<\/a>\n\t\t\t\t<\/div>\n\t\t\t\t\t\t\t\t<\/div>\n\t\t\t\t<\/div>\n\t\t\t\t\t<\/div>\n\t\t<\/div>\n\t\t\t\t\t<\/div>\n\t\t<\/section>\n\t\t\t\t\t<\/div>\n\t\t<\/div>\n\t\t\t\t<div class=\"elementor-column elementor-col-50 elementor-top-column elementor-element elementor-element-16333349\" data-id=\"16333349\" data-element_type=\"column\">\n\t\t\t<div class=\"elementor-widget-wrap elementor-element-populated\">\n\t\t\t\t\t\t<div class=\"vamtam-has-theme-widget-styles elementor-element elementor-element-7c359f0 elementor-widget elementor-widget-image\" data-id=\"7c359f0\" data-element_type=\"widget\" data-settings=\"{&quot;sticky&quot;:&quot;top&quot;,&quot;sticky_on&quot;:[&quot;desktop&quot;,&quot;tablet&quot;],&quot;sticky_offset_tablet&quot;:65,&quot;sticky_parent&quot;:&quot;yes&quot;,&quot;sticky_offset&quot;:0,&quot;sticky_effects_offset&quot;:0}\" data-widget_type=\"image.default\">\n\t\t\t\t<div class=\"elementor-widget-container\">\n\t\t\t\t\t\t\t\t\t<div class=\"elementor-image\">\n\t\t\t\t\t\t\t\t\t\t\t\t\t\t\t\t\t\t\t\t\t<img fetchpriority=\"high\" decoding=\"async\" width=\"819\" height=\"1024\" src=\"https:\/\/draadvogados.com\/wp-content\/uploads\/2024\/05\/WhatsApp-Image-2024-05-23-at-15.18.09-819x1024.jpeg\" class=\"attachment-large size-large wp-image-989009\" alt=\"\" srcset=\"https:\/\/draadvogados.com\/wp-content\/uploads\/2024\/05\/WhatsApp-Image-2024-05-23-at-15.18.09-819x1024.jpeg 819w, https:\/\/draadvogados.com\/wp-content\/uploads\/2024\/05\/WhatsApp-Image-2024-05-23-at-15.18.09-240x300.jpeg 240w, https:\/\/draadvogados.com\/wp-content\/uploads\/2024\/05\/WhatsApp-Image-2024-05-23-at-15.18.09-768x960.jpeg 768w, https:\/\/draadvogados.com\/wp-content\/uploads\/2024\/05\/WhatsApp-Image-2024-05-23-at-15.18.09-1229x1536.jpeg 1229w, https:\/\/draadvogados.com\/wp-content\/uploads\/2024\/05\/WhatsApp-Image-2024-05-23-at-15.18.09.jpeg 1280w\" sizes=\"(max-width: 819px) 100vw, 819px\" \/>\t\t\t\t\t\t\t\t\t\t\t\t\t\t\t\t\t\t\t\t\t\t\t\t<\/div>\n\t\t\t\t\t\t\t\t<\/div>\n\t\t\t\t<\/div>\n\t\t\t\t\t<\/div>\n\t\t<\/div>\n\t\t\t\t\t<\/div>\n\t\t<\/section>\n\t\t\t\t<\/div>","protected":false},"excerpt":{"rendered":"<p>Maria Eduarda M. da Costa Barros Concesi Linkedin Advogada com mais de 10 anos de experi\u00eancia na \u00e1rea do Direito Penal e Tecnologia Mestre em Direito Penal pela Universidade do Estado do Rio de Janeiro (UERJ). Especialista em Ci\u00eancias Criminais e Seguran\u00e7a P\u00fablica pela mesma institui\u00e7\u00e3o. Graduada em Direito pela Funda\u00e7\u00e3o Get\u00falio Vargas\/RJ (FGV-Rio). Extens\u00e3o&#8230;<\/p>","protected":false},"author":1,"featured_media":0,"parent":0,"menu_order":0,"comment_status":"closed","ping_status":"closed","template":"","meta":{"footnotes":""},"class_list":["post-988970","page","type-page","status-publish","hentry"],"_links":{"self":[{"href":"https:\/\/draadvogados.com\/en\/wp-json\/wp\/v2\/pages\/988970","targetHints":{"allow":["GET"]}}],"collection":[{"href":"https:\/\/draadvogados.com\/en\/wp-json\/wp\/v2\/pages"}],"about":[{"href":"https:\/\/draadvogados.com\/en\/wp-json\/wp\/v2\/types\/page"}],"author":[{"embeddable":true,"href":"https:\/\/draadvogados.com\/en\/wp-json\/wp\/v2\/users\/1"}],"replies":[{"embeddable":true,"href":"https:\/\/draadvogados.com\/en\/wp-json\/wp\/v2\/comments?post=988970"}],"version-history":[{"count":13,"href":"https:\/\/draadvogados.com\/en\/wp-json\/wp\/v2\/pages\/988970\/revisions"}],"predecessor-version":[{"id":989272,"href":"https:\/\/draadvogados.com\/en\/wp-json\/wp\/v2\/pages\/988970\/revisions\/989272"}],"wp:attachment":[{"href":"https:\/\/draadvogados.com\/en\/wp-json\/wp\/v2\/media?parent=988970"}],"curies":[{"name":"wp","href":"https:\/\/api.w.org\/{rel}","templated":true}]}}

<div data-elementor-type="wp-page" data-elementor-id="988970" class="elementor elementor-988970" data-elementor-post-type="page">
						<section class="elementor-section elementor-top-section elementor-element elementor-element-4729560f elementor-reverse-mobile elementor-section-boxed elementor-section-height-default elementor-section-height-default" data-id="4729560f" data-element_type="section">
						<div class="elementor-container elementor-column-gap-no">
					<div class="elementor-column elementor-col-50 elementor-top-column elementor-element elementor-element-229d3919" data-id="229d3919" data-element_type="column">
			<div class="elementor-widget-wrap elementor-element-populated">
						<div class="elementor-element elementor-element-23441876 elementor-widget__width-initial elementor-widget elementor-widget-heading" data-id="23441876" data-element_type="widget" data-widget_type="heading.default">
				<div class="elementor-widget-container">
					<h2 class="elementor-heading-title elementor-size-default">Maria Eduarda M. da Costa Barros Concesi</h2>				</div>
				</div>
				<div class="elementor-element elementor-element-92c395a e-grid-align-left elementor-widget__width-initial elementor-shape-rounded elementor-grid-0 elementor-widget elementor-widget-social-icons" data-id="92c395a" data-element_type="widget" data-widget_type="social-icons.default">
				<div class="elementor-widget-container">
							<div class="elementor-social-icons-wrapper elementor-grid">
							<span class="elementor-grid-item">
					<a class="elementor-icon elementor-social-icon elementor-social-icon-linkedin elementor-repeater-item-4ccced5" href="https://www.linkedin.com/in/maria-eduarda-da-costa-barros-concesi-47871914b/%20" target="_blank">
						<span class="elementor-screen-only">Linkedin</span>
						<i class="fab fa-linkedin"></i>					</a>
				</span>
					</div>
						</div>
				</div>
				<div class="elementor-element elementor-element-6124125c elementor-widget elementor-widget-text-editor" data-id="6124125c" data-element_type="widget" data-widget_type="text-editor.default">
				<div class="elementor-widget-container">
									<p>Lawyer with over 10 years of experience in Criminal Law and Technology.</p><p>Master in Criminal Law from the State University of Rio de Janeiro (UERJ). Postgraduate degree in Criminal Sciences and Public Security from the same institution. Graduated in Law from Fundação Getúlio Vargas/RJ (FGV-Rio).</p><p>Extension<em>Cross-Border Cooperation in Criminal Matters”</em> - Stricto Sensu Graduate Program in Regulation Law, in partnership with the undergraduate course of the Law School of Rio de Janeiro of Fundação Getulio Vargas, taught by Prof. Dr. Auke Willems, LSE Fellow in EU Law from the European Institute.<em>.</em></p><p>Extension <em>“Cybersecurity and Human Rights</em>- Institute of Technology and Society of Rio de Janeiro, Hans Bredow Institute of the University of Hamburg, Berkman Klein Center of Internet and Society of Harvard University, Global Network of Internet and Society Research Centers, UNESCO Chair for Communication and Information Freedom at the University of Hamburg, and Center of Communication Governance of the National Law University.</p><p>Extension <em>“CopyrightX” &#8211; </em> Harvard University, in partnership with the Institute of Technology and Society of Rio de Janeiro (ITS-Rio).</p><p>Professor of Postgraduate Courses in Law and Technology at the New Law Institute (2020) and in Economic Criminal Law at Ibmec/RJ (2023).</p><p>Co-author of the books: </p><ul><li>Sistem prisional e direitos humanos – Escola de Direito da FGV (2015).</li><li>Regulação 4.0, Volume II &#8211; Editora Revista dos Tribunais (2020). </li></ul><ul><li>Colaboração Premiada e Outros Acordos: Análise sistemática e estudo crítico &#8211; Editora Singular (2022). </li></ul><ul><li>Eleições e Democracia na Era Digital &#8211; Editora Almedina (2022). </li></ul><p>Languages: Portuguese, English, and Spanish.</p>								</div>
				</div>
				<section class="elementor-section elementor-inner-section elementor-element elementor-element-48d33803 elementor-section-boxed elementor-section-height-default elementor-section-height-default" data-id="48d33803" data-element_type="section">
						<div class="elementor-container elementor-column-gap-no">
					<div class="elementor-column elementor-col-100 elementor-inner-column elementor-element elementor-element-72f5dd65" data-id="72f5dd65" data-element_type="column">
			<div class="elementor-widget-wrap elementor-element-populated">
						<div class="vamtam-has-theme-widget-styles elementor-element elementor-element-4cf7b85f elementor-widget__width-auto vamtam-has-underline-anim elementor-widget elementor-widget-button" data-id="4cf7b85f" data-element_type="widget" data-widget_type="button.default">
				<div class="elementor-widget-container">
									<div class="elementor-button-wrapper">
					<a class="elementor-button elementor-button-link elementor-size-sm" href="https://draadvogados.com/en/contato/">
						<span class="elementor-button-content-wrapper">
						<span class="elementor-button-icon">
				<i aria-hidden="true" class="vamtamtheme- vamtam-theme-icon-arrow-right-top"></i>			</span>
									<span class="elementor-button-text">Contact us</span>
					</span>
					</a>
				</div>
								</div>
				</div>
					</div>
		</div>
					</div>
		</section>
					</div>
		</div>
				<div class="elementor-column elementor-col-50 elementor-top-column elementor-element elementor-element-16333349" data-id="16333349" data-element_type="column">
			<div class="elementor-widget-wrap elementor-element-populated">
						<div class="vamtam-has-theme-widget-styles elementor-element elementor-element-7c359f0 elementor-widget elementor-widget-image" data-id="7c359f0" data-element_type="widget" data-settings="{&quot;sticky&quot;:&quot;top&quot;,&quot;sticky_on&quot;:[&quot;desktop&quot;,&quot;tablet&quot;],&quot;sticky_offset_tablet&quot;:65,&quot;sticky_parent&quot;:&quot;yes&quot;,&quot;sticky_offset&quot;:0,&quot;sticky_effects_offset&quot;:0}" data-widget_type="image.default">
				<div class="elementor-widget-container">
									<div class="elementor-image">
																					<img fetchpriority="high" decoding="async" width="819" height="1024" src="https://draadvogados.com/wp-content/uploads/2024/05/WhatsApp-Image-2024-05-23-at-15.18.09-819x1024.jpeg" class="attachment-large size-large wp-image-989009" alt="" srcset="https://draadvogados.com/wp-content/uploads/2024/05/WhatsApp-Image-2024-05-23-at-15.18.09-819x1024.jpeg 819w, https://draadvogados.com/wp-content/uploads/2024/05/WhatsApp-Image-2024-05-23-at-15.18.09-240x300.jpeg 240w, https://draadvogados.com/wp-content/uploads/2024/05/WhatsApp-Image-2024-05-23-at-15.18.09-768x960.jpeg 768w, https://draadvogados.com/wp-content/uploads/2024/05/WhatsApp-Image-2024-05-23-at-15.18.09-1229x1536.jpeg 1229w, https://draadvogados.com/wp-content/uploads/2024/05/WhatsApp-Image-2024-05-23-at-15.18.09.jpeg 1280w" sizes="(max-width: 819px) 100vw, 819px" />																								</div>
								</div>
				</div>
					</div>
		</div>
					</div>
		</section>
				</div>

<p>Maria Eduarda M. da Costa Barros Concesi Linkedin Advogada com mais de 10 anos de experiência na área do Direito Penal e Tecnologia Mestre em Direito Penal pela Universidade do Estado do Rio de Janeiro (UERJ). Especialista em Ciências Criminais e Segurança Pública pela mesma instituição. Graduada em Direito pela Fundação Getúlio Vargas/RJ (FGV-Rio). Extensão&#8230;</p>
