{"id":988975,"date":"2024-05-22T17:46:11","date_gmt":"2024-05-22T17:46:11","guid":{"rendered":"https:\/\/gminfo.eti.br\/alvespereira\/?page_id=988975"},"modified":"2024-05-28T21:32:44","modified_gmt":"2024-05-28T21:32:44","slug":"carmen-da-costa-barros","status":"publish","type":"page","link":"https:\/\/draadvogados.com\/en\/carmen-da-costa-barros\/","title":{"rendered":"Carmen da Costa Barros"},"content":{"rendered":"<div data-elementor-type=\"wp-page\" data-elementor-id=\"988975\" class=\"elementor elementor-988975\" data-elementor-post-type=\"page\">\n\t\t\t\t\t\t<section class=\"elementor-section elementor-top-section elementor-element elementor-element-78fdff55 elementor-reverse-mobile elementor-section-boxed elementor-section-height-default elementor-section-height-default\" data-id=\"78fdff55\" data-element_type=\"section\">\n\t\t\t\t\t\t<div class=\"elementor-container elementor-column-gap-no\">\n\t\t\t\t\t<div class=\"elementor-column elementor-col-50 elementor-top-column elementor-element elementor-element-4c43b8a4\" data-id=\"4c43b8a4\" data-element_type=\"column\">\n\t\t\t<div class=\"elementor-widget-wrap elementor-element-populated\">\n\t\t\t\t\t\t<div class=\"elementor-element elementor-element-3b2f6b36 elementor-widget__width-initial elementor-widget elementor-widget-heading\" data-id=\"3b2f6b36\" data-element_type=\"widget\" data-widget_type=\"heading.default\">\n\t\t\t\t<div class=\"elementor-widget-container\">\n\t\t\t\t\t<h2 class=\"elementor-heading-title elementor-size-default\">Carmen da Costa Barros<\/h2>\t\t\t\t<\/div>\n\t\t\t\t<\/div>\n\t\t\t\t<div class=\"elementor-element elementor-element-19882d1d elementor-widget elementor-widget-text-editor\" data-id=\"19882d1d\" data-element_type=\"widget\" data-widget_type=\"text-editor.default\">\n\t\t\t\t<div class=\"elementor-widget-container\">\n\t\t\t\t\t\t\t\t\t<p>PhD from the University of Lomas de Zamora, Buenos Aires, Argentina. Postgraduate and Specialist in Digital Law from ITS \u2013 UERJ. Founder of the law firm Costa Barros &amp; Advogados Associados, with over 20 years of experience in the Superior Courts \u2013 Supreme Federal Court, Superior Court of Justice, Superior Military Court, as well as the National Council of Justice.<\/p>\t\t\t\t\t\t\t\t<\/div>\n\t\t\t\t<\/div>\n\t\t\t\t<section class=\"elementor-section elementor-inner-section elementor-element elementor-element-5a83b4f3 elementor-section-boxed elementor-section-height-default elementor-section-height-default\" data-id=\"5a83b4f3\" data-element_type=\"section\">\n\t\t\t\t\t\t<div class=\"elementor-container elementor-column-gap-no\">\n\t\t\t\t\t<div class=\"elementor-column elementor-col-100 elementor-inner-column elementor-element elementor-element-1503ec8e\" data-id=\"1503ec8e\" data-element_type=\"column\">\n\t\t\t<div class=\"elementor-widget-wrap elementor-element-populated\">\n\t\t\t\t\t\t<div class=\"vamtam-has-theme-widget-styles elementor-element elementor-element-1db62787 elementor-widget__width-auto vamtam-has-underline-anim elementor-widget elementor-widget-button\" data-id=\"1db62787\" data-element_type=\"widget\" data-widget_type=\"button.default\">\n\t\t\t\t<div class=\"elementor-widget-container\">\n\t\t\t\t\t\t\t\t\t<div class=\"elementor-button-wrapper\">\n\t\t\t\t\t<a class=\"elementor-button elementor-button-link elementor-size-sm\" href=\"https:\/\/draadvogados.com\/en\/contato\/\">\n\t\t\t\t\t\t<span class=\"elementor-button-content-wrapper\">\n\t\t\t\t\t\t<span class=\"elementor-button-icon\">\n\t\t\t\t<i aria-hidden=\"true\" class=\"vamtamtheme- vamtam-theme-icon-arrow-right-top\"><\/i>\t\t\t<\/span>\n\t\t\t\t\t\t\t\t\t<span class=\"elementor-button-text\">Contact us<\/span>\n\t\t\t\t\t<\/span>\n\t\t\t\t\t<\/a>\n\t\t\t\t<\/div>\n\t\t\t\t\t\t\t\t<\/div>\n\t\t\t\t<\/div>\n\t\t\t\t\t<\/div>\n\t\t<\/div>\n\t\t\t\t\t<\/div>\n\t\t<\/section>\n\t\t\t\t\t<\/div>\n\t\t<\/div>\n\t\t\t\t<div class=\"elementor-column elementor-col-50 elementor-top-column elementor-element elementor-element-70ae750b\" data-id=\"70ae750b\" data-element_type=\"column\">\n\t\t\t<div class=\"elementor-widget-wrap elementor-element-populated\">\n\t\t\t\t\t\t<div class=\"vamtam-has-theme-widget-styles elementor-element elementor-element-7b5241d0 elementor-widget elementor-widget-image\" data-id=\"7b5241d0\" data-element_type=\"widget\" data-settings=\"{&quot;sticky&quot;:&quot;top&quot;,&quot;sticky_on&quot;:[&quot;desktop&quot;,&quot;tablet&quot;],&quot;sticky_offset_tablet&quot;:65,&quot;sticky_parent&quot;:&quot;yes&quot;,&quot;sticky_offset&quot;:0,&quot;sticky_effects_offset&quot;:0}\" data-widget_type=\"image.default\">\n\t\t\t\t<div class=\"elementor-widget-container\">\n\t\t\t\t\t\t\t\t\t<div class=\"elementor-image\">\n\t\t\t\t\t\t\t\t\t\t\t\t\t\t\t\t\t\t\t\t\t<img fetchpriority=\"high\" decoding=\"async\" width=\"682\" height=\"1024\" src=\"https:\/\/draadvogados.com\/wp-content\/uploads\/2024\/05\/WhatsApp-Image-2024-05-23-at-15.18.09-1-682x1024.jpeg\" class=\"attachment-large size-large wp-image-989010\" alt=\"\" srcset=\"https:\/\/draadvogados.com\/wp-content\/uploads\/2024\/05\/WhatsApp-Image-2024-05-23-at-15.18.09-1-682x1024.jpeg 682w, https:\/\/draadvogados.com\/wp-content\/uploads\/2024\/05\/WhatsApp-Image-2024-05-23-at-15.18.09-1-200x300.jpeg 200w, https:\/\/draadvogados.com\/wp-content\/uploads\/2024\/05\/WhatsApp-Image-2024-05-23-at-15.18.09-1-768x1153.jpeg 768w, https:\/\/draadvogados.com\/wp-content\/uploads\/2024\/05\/WhatsApp-Image-2024-05-23-at-15.18.09-1-1023x1536.jpeg 1023w, https:\/\/draadvogados.com\/wp-content\/uploads\/2024\/05\/WhatsApp-Image-2024-05-23-at-15.18.09-1.jpeg 1066w\" sizes=\"(max-width: 682px) 100vw, 682px\" \/>\t\t\t\t\t\t\t\t\t\t\t\t\t\t\t\t\t\t\t\t\t\t\t\t<\/div>\n\t\t\t\t\t\t\t\t<\/div>\n\t\t\t\t<\/div>\n\t\t\t\t\t<\/div>\n\t\t<\/div>\n\t\t\t\t\t<\/div>\n\t\t<\/section>\n\t\t\t\t<\/div>","protected":false},"excerpt":{"rendered":"<p>Carmen da Costa Barros Doutorado pela Universidade de Lomas de Zamora, Buenos Aires, Argentina. P\u00f3s-Graduada e Especialista em Direito Digital pelo ITS &#8211; UERJ. Fundadora do escrit\u00f3rio Costa Barros &amp; Advogados Associados, com mais de 20 anos de atua\u00e7\u00e3o nas Cortes Superiores &#8211; Supremo Tribunal Federal, Superior Tribunal de Justi\u00e7a, Superior Tribunal Militar, bem como&#8230;<\/p>","protected":false},"author":1,"featured_media":0,"parent":0,"menu_order":0,"comment_status":"closed","ping_status":"closed","template":"","meta":{"footnotes":""},"class_list":["post-988975","page","type-page","status-publish","hentry"],"_links":{"self":[{"href":"https:\/\/draadvogados.com\/en\/wp-json\/wp\/v2\/pages\/988975","targetHints":{"allow":["GET"]}}],"collection":[{"href":"https:\/\/draadvogados.com\/en\/wp-json\/wp\/v2\/pages"}],"about":[{"href":"https:\/\/draadvogados.com\/en\/wp-json\/wp\/v2\/types\/page"}],"author":[{"embeddable":true,"href":"https:\/\/draadvogados.com\/en\/wp-json\/wp\/v2\/users\/1"}],"replies":[{"embeddable":true,"href":"https:\/\/draadvogados.com\/en\/wp-json\/wp\/v2\/comments?post=988975"}],"version-history":[{"count":19,"href":"https:\/\/draadvogados.com\/en\/wp-json\/wp\/v2\/pages\/988975\/revisions"}],"predecessor-version":[{"id":989372,"href":"https:\/\/draadvogados.com\/en\/wp-json\/wp\/v2\/pages\/988975\/revisions\/989372"}],"wp:attachment":[{"href":"https:\/\/draadvogados.com\/en\/wp-json\/wp\/v2\/media?parent=988975"}],"curies":[{"name":"wp","href":"https:\/\/api.w.org\/{rel}","templated":true}]}}

<p>Carmen da Costa Barros Doutorado pela Universidade de Lomas de Zamora, Buenos Aires, Argentina. Pós-Graduada e Especialista em Direito Digital pelo ITS &#8211; UERJ. Fundadora do escritório Costa Barros &amp; Advogados Associados, com mais de 20 anos de atuação nas Cortes Superiores &#8211; Supremo Tribunal Federal, Superior Tribunal de Justiça, Superior Tribunal Militar, bem como&#8230;</p>
